{"id":592,"date":"2024-10-28T17:07:36","date_gmt":"2024-10-28T17:07:36","guid":{"rendered":"https:\/\/fantinati3d.com.br\/?page_id=592"},"modified":"2025-01-07T11:35:50","modified_gmt":"2025-01-07T11:35:50","slug":"prototipagem","status":"publish","type":"page","link":"https:\/\/fantinati3d.com.br\/?page_id=592","title":{"rendered":"Prototipagem"},"content":{"rendered":"\t\t<div data-elementor-type=\"wp-page\" data-elementor-id=\"592\" class=\"elementor elementor-592\" data-elementor-post-type=\"page\">\n\t\t\t\t<div class=\"elementor-element elementor-element-71d17e6 e-flex e-con-boxed e-con e-parent\" data-id=\"71d17e6\" data-element_type=\"container\">\n\t\t\t\t\t<div class=\"e-con-inner\">\n\t\t\t\t<div class=\"elementor-element elementor-element-e8ba834 elementor-cta--skin-classic elementor-animated-content elementor-bg-transform elementor-bg-transform-zoom-in elementor-widget elementor-widget-call-to-action\" data-id=\"e8ba834\" data-element_type=\"widget\" data-widget_type=\"call-to-action.default\">\n\t\t\t\t<div class=\"elementor-widget-container\">\n\t\t\t\t\t<div class=\"elementor-cta\">\n\t\t\t\t\t<div class=\"elementor-cta__bg-wrapper\">\n\t\t\t\t<div class=\"elementor-cta__bg elementor-bg\" style=\"background-image: url(https:\/\/fantinati3d.com.br\/wp-content\/uploads\/2024\/10\/210277-guia-para-ter-um-sorriso-perfeito-1-768x512.webp);\" role=\"img\" aria-label=\"\"><\/div>\n\t\t\t\t<div class=\"elementor-cta__bg-overlay\"><\/div>\n\t\t\t<\/div>\n\t\t\t\t\t\t\t<div class=\"elementor-cta__content\">\n\t\t\t\t\n\t\t\t\t\t\t\t\t\t<h2 class=\"elementor-cta__title elementor-cta__content-item elementor-content-item\">\n\t\t\t\t\t\tPrototipagem Ortod\u00f4ntica\t\t\t\t\t<\/h2>\n\t\t\t\t\n\t\t\t\t\t\t\t\t\t<div class=\"elementor-cta__description elementor-cta__content-item elementor-content-item\">\n\t\t\t\t\t\t<p>A prototipagem ortod\u00f4ntica com impress\u00e3o 3D representa um avan\u00e7o significativo para o setor odontol\u00f3gico. Em compara\u00e7\u00e3o com m\u00e9todos tradicionais, essa tecnologia permite a cria\u00e7\u00e3o de prot\u00f3tipos extremamente fi\u00e9is \u00e0s caracter\u00edsticas do paciente, garantindo uma precis\u00e3o excepcional no diagn\u00f3stico e planejamento de tratamentos ortod\u00f4nticos. Al\u00e9m disso, a alta qualidade da resina utilizada oferece resist\u00eancia superior, aumentando a durabilidade dos modelos.<\/p><p>Com a impress\u00e3o 3D, o processo de produ\u00e7\u00e3o \u00e9 muito mais \u00e1gil, permitindo a entrega do prot\u00f3tipo ortod\u00f4ntico em at\u00e9 3 dias \u00fateis. Essa rapidez oferece uma vantagem importante para cl\u00ednicas e profissionais que desejam otimizar seu tempo e aprimorar a experi\u00eancia do paciente. Nossos pre\u00e7os tamb\u00e9m s\u00e3o competitivos, com diferentes op\u00e7\u00f5es para atender \u00e0s necessidades de cada cliente. A prototipagem ortod\u00f4ntica com impress\u00e3o 3D traz precis\u00e3o, qualidade e efici\u00eancia, levando o seu consult\u00f3rio para um novo patamar de inova\u00e7\u00e3o.<\/p>Eleve a qualidade dos seus diagn\u00f3sticos com prot\u00f3tipos ortod\u00f4nticos de alta precis\u00e3o. Nossa plataforma LAB 3D permite que voc\u00ea cadastre-se, envie seus arquivos e receba modelos fi\u00e9is e dur\u00e1veis em at\u00e9 3 dias \u00fateis. Clique para fazer seu pedido e conte com tecnologia de ponta no seu consult\u00f3rio!\t\t\t\t\t<\/div>\n\t\t\t\t\n\t\t\t\t\t\t\t\t\t<div class=\"elementor-cta__button-wrapper elementor-cta__content-item elementor-content-item \">\n\t\t\t\t\t<a class=\"elementor-cta__button elementor-button elementor-size-\" href=\"https:\/\/fantinatiframe.soubemestar.com.br\/torus.pedidoentrar.aspx\" target=\"_blank\">\n\t\t\t\t\t\tPe\u00e7a J\u00e1!\t\t\t\t\t<\/a>\n\t\t\t\t\t<\/div>\n\t\t\t\t\t\t\t<\/div>\n\t\t\t\t\t\t<\/div>\n\t\t\t\t<\/div>\n\t\t\t\t<\/div>\n\t\t\t\t\t<\/div>\n\t\t\t\t<\/div>\n\t\t\t\t<\/div>\n\t\t","protected":false},"excerpt":{"rendered":"<p>Prototipagem Ortod\u00f4ntica A prototipagem ortod\u00f4ntica com impress\u00e3o 3D representa um avan\u00e7o significativo para o setor odontol\u00f3gico. Em compara\u00e7\u00e3o com m\u00e9todos tradicionais, essa tecnologia permite a cria\u00e7\u00e3o de prot\u00f3tipos extremamente fi\u00e9is \u00e0s caracter\u00edsticas do paciente, garantindo uma precis\u00e3o excepcional no diagn\u00f3stico e planejamento de tratamentos ortod\u00f4nticos. Al\u00e9m disso, a alta qualidade da resina utilizada oferece resist\u00eancia [&hellip;]<\/p>\n","protected":false},"author":1,"featured_media":0,"parent":0,"menu_order":0,"comment_status":"closed","ping_status":"closed","template":"elementor_header_footer","meta":{"saved_in_kubio":false,"footnotes":""},"class_list":["post-592","page","type-page","status-publish","hentry"],"kubio_ai_page_context":{"short_desc":"","purpose":"general"},"_links":{"self":[{"href":"https:\/\/fantinati3d.com.br\/index.php?rest_route=\/wp\/v2\/pages\/592","targetHints":{"allow":["GET"]}}],"collection":[{"href":"https:\/\/fantinati3d.com.br\/index.php?rest_route=\/wp\/v2\/pages"}],"about":[{"href":"https:\/\/fantinati3d.com.br\/index.php?rest_route=\/wp\/v2\/types\/page"}],"author":[{"embeddable":true,"href":"https:\/\/fantinati3d.com.br\/index.php?rest_route=\/wp\/v2\/users\/1"}],"replies":[{"embeddable":true,"href":"https:\/\/fantinati3d.com.br\/index.php?rest_route=%2Fwp%2Fv2%2Fcomments&post=592"}],"version-history":[{"count":10,"href":"https:\/\/fantinati3d.com.br\/index.php?rest_route=\/wp\/v2\/pages\/592\/revisions"}],"predecessor-version":[{"id":727,"href":"https:\/\/fantinati3d.com.br\/index.php?rest_route=\/wp\/v2\/pages\/592\/revisions\/727"}],"wp:attachment":[{"href":"https:\/\/fantinati3d.com.br\/index.php?rest_route=%2Fwp%2Fv2%2Fmedia&parent=592"}],"curies":[{"name":"wp","href":"https:\/\/api.w.org\/{rel}","templated":true}]}}